 - 164. List the prime factors of p(49).
2, 17, 251
Let v(p) be the second derivative of -p**3 + 0 + 11/2*p**2 + 16*p + 7/12*p**4. List the prime factors of v(4).
3, 11
Suppose 4*p + 5*h = 151305, -49751 = -p - 2*h - 11927. List the prime factors of p.
2, 3, 5, 13, 97
Suppose -i + 3 = -4*b, 0*b - 3*b = 2*i - 6. Suppose b = 2*g + 3*r, 7 = g - r - r. List the prime factors of (39/2)/((-4)/(-16)*g).
2, 13
Let h be (-4 - -4)*(-1)/2. Let s be 35/(-15)*-21 - (4 - h). Let z = 99 - s. List the prime factors of z.
2, 3
Let h(a) = -5*a**2 + 9*a - 7. Let b(x) = -9*x**2 + 18*x - 15. Let g(l) = 4*b(l) - 7*h(l). Let o be g(5). What are the prime factors of o/(9/98) - 4?
2, 47
Suppose 5*w = 17 - 7. Let d = 471 + -395. Suppose 16 = -w*s + d. What are the prime factors of s?
2, 3, 5
Suppose -17 = 12*f - 65. Suppose -10*p = -5*u - 15*p + 10180, 4*p + 8112 = f*u. List the prime factors of u.
2, 127
Let q be (-20)/70 - 82/7. Let r = q - -137. List the prime factors of r.
5
Let k(t) = 7*t + 41. Suppose -2*m = -6*m - 28. Let s be k(m). Let y(z) = z**2 - 13*z + 1. List the prime factors of y(s).
13
Let x be (2/(-5))/((-28)/21560). Let y = x - 89. Suppose -y - 629 = -8*w. What are the prime factors of w?
2, 53
Let d = 19 - 16. Suppose -7*v + 30 = d*v. Suppose 4*s = 4, v*p - 50 = -5*s + 780. List the prime factors of p.
5, 11
Suppose t + 2*d = -6, 0 = 3*t + 4*d + 9 + 3. Suppose t = 2*p - 6, -3*b = b + 3*p - 413. What are the prime factors of b?
101
Let i(z) = -5*z**3 + 19*z**2 - 36*z - 289. What are the prime factors of i(-12)?
11519
Let k = -1308 + 2981. What are the prime factors of k?
7, 239
Let x be (48/(-5))/(16/(-840)). Let r = -72 + 75. Suppose 4*j = r*w - 430 + 132, x = 5*w - 3*j. What are the prime factors of w?
2, 3, 17
Let i(p) be the second derivative of 2*p**3/3 + 18*p**2 - 12*p. Let n = -56 - -72. What are the prime factors of i(n)?
2, 5
Let m = -12 - -17. Let t be 16/2 + -7 + 5/5. Suppose -t*z + m*z - 51 = 0. What are the prime factors of z?
17
Suppose -v - 3 = 0, 2*v = -4*k + 8*k + 274. What are the prime factors of (-20)/k - 13716/(-14)?
2, 5, 7
Suppose -2 = b + b, 0 = -4*w + b + 77. Let h(t) = -12*t + 24. Let p be h(w). Let y = p - -340. List the prime factors of y.
2, 17
Suppose -27674 = -3*q - 3*c + 32476, q - 20058 = c. What are the prime factors of q?
2, 37, 271
Suppose -162415 - 101135 = -0*a - 21*a. List the prime factors of a.
2, 5, 251
Suppose 2*q = -3*s + 62272, -3*q + 61623 + 31795 = 2*s. What are the prime factors of q?
2, 23, 677
Let o(w) = 244*w + 7638. List the prime factors of o(17).
2, 71, 83
Suppose -10*b = -5*s - 6*b + 19112, 4*b = -4*s + 15304. Suppose -22*h + s - 172 = 0. What are the prime factors of h?
2, 83
Suppose 3*b + 102 = w, -4*w = -2*b + 5*b - 363. Let l(z) = -2*z**2 - 90*z + 7*z**2 + 8 + w*z. What are the prime factors of l(5)?
2, 37
Let p be 7 + (-8)/12*3. Suppose 6*q = 2*a + 2*q - 12, a = q + 5. Suppose 0*c = 5*c - p, o - a*c = 67. List the prime factors of o.
71
Suppose 4*i + 5*h + 30775 = 9*i, 2*h + 24610 = 4*i. What are the prime factors of i?
2, 3, 5, 41
Let n(g) = -g**3 + 6*g**2 + g - 3. Let q be n(6). Suppose 12 = 5*s - q*s + 4*i, 0 = -s - i + 7. Suppose -3*h + s*h = 340. List the prime factors of h.
2, 17
Let y = -231 + 632. Let o = y - -926. What are the prime factors of o?
1327
Let m = 63306 + -40789. List the prime factors of m.
11, 23, 89
Let h = 26990 + -15855. What are the prime factors of h?
5, 17, 131
Let f be -16*((-1)/(-12))/(-1)*-6. List the prime factors of -12*f/(48/5).
2, 5
Let f be 20/90 - (-4)/(-18). List the prime factors of (-18062)/(-44) - (3/2 - f).
409
Suppose 9*n + 1796 - 21124 = 8887. List the prime factors of n.
3, 5, 11, 19
Let h = 5141 + -4411. What are the prime factors of h?
2, 5, 73
Let g(p) = 7*p**3 + 2*p**2 - 11*p + 9. Let v be g(5). Let h = 1665 - v. What are the prime factors of h?
2, 3, 131
Suppose -j + 8*h = -2*j + 14119, -14155 = -j + 4*h. List the prime factors of j.
14143
What are the prime factors of 19642 + (-540)/(-81)*6/(-4)?
2, 3, 409
Let k(u) = u**3 + 18*u**2 - 6*u - 8. Let v(y) be the first derivative of y**4/4 - 8*y**3/3 + 5*y**2 + 7*y + 17. Let d be v(5). List the prime factors of k(d).
2, 5
Let h(i) = 37*i + 33. Let w be h(10). Let m = w + -226. Suppose 2*f - 635 + m = 0. What are the prime factors of f?
229
Let n(d) = -2*d**2 + 12*d - 20. Let u be n(6). Let v = 22 + u. Let c(i) = 4*i**3 - 3*i**2 + 2*i - 3. List the prime factors of c(v).
3, 7
Suppose 0 = 3*q + 30672 - 9800 - 128749. List the prime factors of q.
7, 11, 467
Suppose 0 = 21*m - 28 - 77. Suppose m*n + 1580 = 4*x - 67, -4*n = -4*x + 1652. List the prime factors of x.
2, 11, 19
Suppose 20*y = b + 16*y + 4, -2*b - 2*y = -22. Suppose -b*i + 19*i = 15840. List the prime factors of i.
2, 3, 5
Suppose 5986 = 9*r - 5723 - 35748. What are the prime factors of r?
5273
Let x(j) = 19*j**2 - 164*j + 33. List the prime factors of x(-32).
29, 853
Let n(b) = 14*b**3 + b**2 - b + 1. Let s be n(1). Let o = -20 - s. What are the prime factors of 2 + -2 + 3 - o?
2, 19
Let v = 7 + -3. Suppose 64 = -3*f - c, -v*c - c = -f - 48. Let i = 36 + f. What are the prime factors of i?
13
List the prime factors of (-5 + 55)/(-5) + 36126.
2, 9029
Let o = 6992 + -897. List the prime factors of o.
5, 23, 53
Suppose 18 - 12 = -3*z, -2*z + 34201 = 5*r. List the prime factors of r.
6841
Let d(v) = -6*v - 236. Let n be d(-36). List the prime factors of (6 + (-5212)/(-8))*(-16)/n.
2, 263
Suppose -5*u = -17*u - 6*u + 192042. List the prime factors of u.
47, 227
Let b(t) = 851*t**2 + 44*t - 275. List the prime factors of b(6).
5, 7
Suppose 8241 = 4*m - 5*p, 0 = -3*m + p + 2613 + 3554. Suppose 4*k = -4, -3*s - 4*k = -m + 687. List the prime factors of s.
457
Let l = -1606 + -146. Let j = -713 - l. List the prime factors of j.
1039
Suppose 6 = -3*g + 15, -5*x = 4*g - 27017. List the prime factors of x.
11, 491
Suppose -10*j = 3*j - 78. Suppose -5*h = -5*r - 1690, -9*r = -2*h - j*r + 677. What are the prime factors of h?
337
Let o(w) = -3*w**3 - 49*w**2 + 110*w + 3400. List the prime factors of o(-37).
2, 19, 277
Let l = -28 + 31. Let p be (-1 - (l + 1))*12/(-20). List the prime factors of (-14 - 1)*(-37)/p.
5, 37
Let p = -48 + 44. Let d be 0/((-2)/4*p - 3). Suppose -5*c - i + 174 = 0, -2*c + 4*c + 4*i - 84 = d. What are the prime factors of c?
2, 17
Let t = -241 + -420. Let k = 1146 + t. Suppose k = 3*c + 149. List the prime factors of c.
2, 7
List the prime factors of (-1408)/143 + 10 - 7116/(-52).
137
Let r be -4*(-8)/(256/10808). Let z = -818 + r. List the prime factors of z.
13, 41
Let i(k) be the third derivative of 0*k + 11/60*k**5 + k**3 + 2*k**2 - 2/3*k**4 + 0 - 1/120*k**6. What are the prime factors of i(8)?
2, 5, 7
Let a(w) = 1092*w - 568. What are the prime factors of a(5)?
2, 1223
Suppose -15*w = -58*w + 21715. List the prime factors of w.
5, 101
Suppose 5*b = -9*b + 462. Suppose 0 = -4*q - 4*d - 12, b = -3*q + d + 2*d. Let j(x) = -x**3 - x**2 + 2*x - 15. List the prime factors of j(q).
5, 53
Let c = -298 + 292. List the prime factors of (20/c)/(20/(-72)).
2, 3
Suppose 23*z - 156661 - 151030 = 36389. List the prime factors of z.
2, 5, 11, 17
Let h(v) = 6410*v + 1745. What are the prime factors of h(6)?
5, 11, 17, 43
Let z be 15/2 + (-5)/(-10). Let w be 10118/(-8) + 38/z + -5. What are the prime factors of (w/11)/(1/(-1))?
5, 23
Let r be (-519)/9 + 8/(-24). Let k = r + 60. Suppose 5*f + 0*n = n + 617, k*f = -3*n + 240. What are the prime factors of f?
3, 41
Suppose -6*v - 10488 = -7*v. Suppose 71*g - v = 59*g. List the prime factors of g.
2, 19, 23
Suppose 3*v - 2*v - 140 = 0. Suppose -4*z - 4*r + 208 + v = 0, 2*r + 378 = 4*z. List the prime factors of z.
2, 23
Let f(p) = -p**3 - 3*p**2 + 8*p - 6. Let a be f(-5). Suppose 116 = 4*d - a*w, 4*w - 145 = -2*d - 3*d. Suppose 752 + d = 11*i. List the prime factors of i.
71
Let o(g) = 330*g**2 + 150*g + 830. List the prime factors of o(-6).
2, 5, 1181
Let a = 4 - 2. Let w be 1 + -3 - 14/a. What are the prime factors of (0 - -6)*(-12)/w?
2
Let p = -598 + 1163. Let h be (-4)/(-16) + 1198/8. Suppose -h = 5*c - p. List the prime factors of c.
83
List the prime factors of (-1360)/(-12)*((-4)/(-22) + 3336/165).
2, 17
Suppose 97 - 79 = -2*c. Let l be 884/6 - (60/c - -6). Suppose -l = -3*t + 116